. Calculate r(-42).
-1505
Let s(z) = 3*z**2 + 2592*z + 25678. What is s(-10)?
58
Let j(z) = -z**3 + 52*z**2 + 252*z - 9539. Determine j(53).
1008
Let m(y) = -249*y - 10399. Determine m(-48).
1553
Let y(j) = 2540*j + 645055. What is y(-254)?
-105
Let u(w) = 2*w**3 + 112*w**2 - 3094*w - 49. Calculate u(20).
-1129
Let c(a) = 3*a**2 - 8479*a + 126861. Calculate c(15).
351
Let u(l) = -2*l**3 - 22*l**2 + 964*l + 9872. Give u(-10).
32
Let q(t) = -4*t**2 - 887*t - 6545. Determine q(-214).
89
Let k(j) = 476*j**2 - 4254*j - 51. Give k(9).
219
Let a(o) = 4560*o - 27590. Determine a(6).
-230
Let l(o) = 36258*o + 108768. Calculate l(-3).
-6
Let y(z) = 238*z + 8105. Determine y(-41).
-1653
Let i(u) = 67*u**2 - 10928*u + 54621. Calculate i(5).
1656
Let c(r) = 10003*r - 30031. Give c(3).
-22
Let p(c) = -c**3 - c**2 + 8*c + 706. What is p(0)?
706
Let k(i) = 68040*i - 4286525. Calculate k(63).
-5
Let r(s) = -889*s + 101168. Give r(114).
-178
Let o(a) = -2*a**2 - 45159*a + 451743. Determine o(10).
-47
Let c(m) = 3*m**3 - 63*m**2 + 75*m - 302. Determine c(20).
-2
Let x(n) = -15*n**2 + 606*n - 2365. Give x(36).
11
Let n(r) = 2219*r**2 + 6521*r + 19. Calculate n(-3).
427
Let t(y) = y**3 - 5*y**2 - 69*y + 37. Determine t(8).
-323
Let n(x) = -6*x**2 + 1596*x - 21155. Determine n(252).
13
Let l(d) = 20*d**3 + 1042*d**2 + 102*d - 111. Determine l(-52).
-7
Let n(m) = -m**3 - 91*m**2 + 1915*m + 852. Give n(18).
6
Let u(r) = -2*r**2 - 248*r + 1281. Give u(-126).
777
Let p(r) = -44*r**2 - 4400*r - 21. Determine p(-100).
-21
Let i(x) = -258*x + 49440. Give i(191).
162
Let i(a) = 11782*a + 4441806. Give i(-377).
-8
Let r(x) = -138*x**2 + 545*x - 396. Give r(3).
-3
Let t(j) = -5840*j - 275089. Determine t(-47).
-609
Let x(s) = s**3 - 9*s**2 - 123468*s + 987832. Determine x(8).
24
Let c(y) = -y**2 - 11706*y + 152352. Give c(13).
5
Let t(k) = -k**2 - 141*k + 5923. Give t(35).
-237
Let g(w) = -7*w**2 + 16*w + 71. Calculate g(-6).
-277
Let l(y) = 3*y**3 - 11*y**2 - 25*y + 760. Determine l(5).
735
Let n(k) = 4*k**3 - 42*k**2 - 179*k + 1784. Give n(11).
57
Let v(o) = 66*o - 120. Give v(-1).
-186
Let i(x) = -461*x**2 - 6424*x + 431. Calculate i(-14).
11
Let l(a) = -a**3 - 15*a**2 - 54*a - 556. Calculate l(-18).
1388
Let p(n) = 3*n**2 - 2914*n - 14597. What is p(-5)?
48
Let v(h) = -21781*h + 108910. Calculate v(5).
5
Let u(x) = -x**3 + 515*x**2 + 11844*x - 16118. Calculate u(537).
-8
Let m(w) = -2*w**3 + 72*w**2 + 205*w + 1325. Calculate m(39).
194
Let m(s) = s**3 - 29*s**2 + 83*s - 6. What is m(3)?
9
Let o(s) = -8289*s + 140850. Calculate o(17).
-63
Let p(w) = 4*w**3 - 1269*w**2 - 11343*w - 21851. What is p(326)?
-9
Let v(z) = -26*z**2 + 155*z + 107. Give v(7).
-82
Let m(t) = t**3 + 1285*t**2 - 3601*t + 338754. Determine m(-1288).
10
Let x(w) = 179*w**2 - 967*w - 37. Calculate x(5).
-397
Let b(h) = -15*h**2 - 140*h - 1539. Give b(-12).
-2019
Let o(l) = -156*l**2 - 268*l + 3. Calculate o(-4).
-1421
Let t(a) = -3*a**3 + 36*a**2 + 194*a + 4. Give t(-4).
-4
Let k(r) = 802*r + 50478. What is k(-63)?
-48
Let m(t) = 107285*t + 643708. Calculate m(-6).
-2
Let y(u) = -2*u**3 + 146*u**2 - 696*u + 502. Determine y(4).
-74
Let v(n) = -15829*n + 1266318. What is v(80)?
-2
Let i(d) = 1554024*d + 4662076. Give i(-3).
4
Let p(y) = y**3 + 67*y**2 + 55*y - 1057. Give p(-66).
-331
Let f(w) = 7*w**3 - 7*w**2 - 68*w + 154. Determine f(2).
46
Let d(f) = f**3 + 24*f**2 - 18*f - 21. Give d(-24).
411
Let p(w) = 2*w**3 + 312*w**2 - 14271*w - 408. Determine p(37).
-1
Let q(p) = p**3 + 928*p**2 + 13211*p + 379292. Calculate q(-914).
-18
Let u(q) = -7437*q - 5525692. Give u(-743).
-1
Let g(q) = 249*q**2 + 1729*q - 147. What is g(-7)?
-49
Let u(v) = -v**3 - 21*v**2 - 61*v - 885. Determine u(-18).
-759
Let j(u) = 3*u**3 + 150*u**2 - 18*u - 894. Give j(-50).
6
Let c(g) = 6*g**3 - 103*g**2 + 187*g + 1. Determine c(2).
11
Let t(a) = a**2 + 29182*a - 204319. Give t(7).
4
Let c(a) = 16700*a - 267237. Determine c(16).
-37
Let b(m) = 28737*m - 258601. Calculate b(9).
32
Let o(a) = -5*a**2 + 60*a + 361. Calculate o(2).
461
Let k(r) = -806111*r + 1612227. Calculate k(2).
5
Let x(z) = -z**2 + 2569*z - 1627559. Give x(1135).
31
Let h(y) = 2*y**3 + 443*y**2 + 1503*y - 5159. Give h(-218).
-145
Let d(z) = z**3 - 66*z**2 + 159*z + 191. What is d(64)?
2175
Let g(o) = -22*o**2 + 2168*o + 297. Determine g(99).
-693
Let p(a) = 159*a**2 - 53*a + 11. Determine p(1).
117
Let z(x) = 60*x**3 - 5*x**2 - 52*x - 3. Determine z(-2).
-399
Let d(r) = 8990550*r - 107886604. Determine d(12).
-4
Let a(g) = -38*g + 3880. Give a(125).
-870
Let c(k) = -23732*k + 71228. Determine c(3).
32
Let w(k) = -97*k - 1340. Determine w(-19).
503
Let y(w) = -5485*w + 789826. What is y(144)?
-14
Let u(y) = -71*y**2 - 11004*y + 11220. What is u(-156)?
-12
Let k(x) = -32643*x - 326438. Calculate k(-10).
-8
Let a(r) = r**3 - 2001*r**2 - 46576*r + 48581. Calculate a(2024).
5
Let n(c) = 214554*c + 1930991. Calculate n(-9).
5
Let d(o) = -15346*o - 184160. What is d(-12)?
-8
Let t(k) = k**2 - 130338*k + 390992. What is t(3)?
-13
Let q(o) = -1717*o - 597478. Calculate q(-348).
38
Let o(d) = -1674*d + 52483. What is o(31)?
589
Let u(o) = -206509*o + 2065062. Give u(10).
-28
Let p(v) = 2713*v - 358114. Give p(132).
2
Let g(c) = 909*c**2 + 2*c - 6. Calculate g(1).
905
Let v(o) = -3874*o - 34933. Determine v(-9).
-67
Let t(h) = h**2 + 582*h + 16990. Determine t(-31).
-91
Let k(b) = 20150*b + 201510. Calculate k(-10).
10
Let l(k) = 85*k - 1959. Calculate l(13).
-854
Let l(b) = -1950*b**2 + 8004*b - 809. Calculate l(4).
7
Let z(k) = 294*k - 225. Determine z(-2).
-813
Let o(m) = m**3 + 156*m**2 + 14*m + 2372. Give o(-156).
188
Let d(v) = -2*v**2 + 262*v + 2168. What is d(-8)?
-56
Let l(s) = -2466*s + 14660. Determine l(6).
-136
Let g(o) = 371495*o - 371624. What is g(1)?
-129
Let o(r) = -7756*r - 353. Calculate o(0).
-353
Let n(h) = 1591*h - 1124178. Give n(707).
659
Let u(j) = j**3 + 222*j**2 + 6693*j - 78. Give u(-36).
30
Let r(z) = -10*z**2 - 470*z - 21. What is r(0)?
-21
Let b(c) = 1909*c - 244377. What is b(128)?
-25
Let n(d) = d**2 + 218*d - 3085. What is n(14)?
163
Let l(q) = -q**3 + 31*q**2 + 571*q - 4588. Determine l(42).
-10
Let g(c) = -601*c + 1735. Calculate g(4).
-669
Let l(o) = -6944*o - 69437. Calculate l(-10).
3
Let u(w) = 19*w**2 - 4409*w - 4410. Give u(-1).
18
Let w(s) = s**2 + 435*s - 148519. Give w(225).
-19
Let x(c) = -10*c**2 - 448*c - 1621. Calculate x(-4).
11
Let o(h) = -h**2 - 83082*h - 664663. Calculate o(-8).
-71
Let u(n) = 3*n**3 - 229*n**2 + 179*n - 7863. Calculate u(76).
-35
Let a(i) = -69297*i - 69483. Calculate a(-1).
-186
Let w(o) = -5*o**3 + 22*o**2 - 253*o + 980. What is w(4)?
0
Let o(z) = 4*z**2 + 123*z - 129. Give o(-31).
-98
Let z(f) = 5*f**2 - 75*f + 22. What is z(26)?
1452
Let h(p) = -p**2 - 2495*p - 282856. Calculate h(-119).
-112
Let f(q) = -q**2 + 1033*q + 5220. Calculate f(-5).
30
Let h(m) = 4*m**3 - 37*m**2 - 600*m + 2918. Calculate h(4).
182
Let o(g) = 1928*g + 223509. Calculate o(-116).
-139
Let v(y) = -588*y - 67602. Determine v(-115).
18
Let g(a) = -36*a**2 + 1242*a - 3911. Determine g(31).
-5
Let z(y) = 232*y - 15122. Give z(64).
-274
Let s(t) = -t**3 - 513*t**2 - 6487*t + 162. Calculate s(-13).
-7
Let l(g) = -7*g**3 + 2428*g**2 - 2077*g + 316. Determine l(346).
-30
Let t(w) = 18134*w + 90421. Calculate t(-5).
-249
Let v(z) = -2*z**2 - 931*z + 16869. Determine v(-483).
-36
Let f(y) = -4875*y + 199872. Give f(41).
-3
Let c(f) = 2*f**3 - 177*f**2 + 1075*f - 55515. Calculate c(86).
-45
Let a(c) = -c**2 + 82*c + 3418. What is a(-33)?
-377
Let g(m) = 1490497*m - 5961981. Give g(4).
7
Let v(s) = 4*s**2 - 233*s + 2779. Determine v(23).
-464
Let q(y) = 96*y**2 + 10863*y + 1699. Calculate q(-113).
4
Let h(k) = -2073*k**2 + 10420*k - 15. Calculate h(5).
260
Let p(s) = 33*s**3 + 2*s**2 + 297*s - 1495. Calculate p(5).
4165
Let i(f) = 1996*f + 5556. Determine i(-3).
-432
Let c(n) = -n**3 - 53*n**2 + 773*n + 44623. What is c(-51)?
-2
Let k(f) = 170503*f - 1193565. Determine k(7).
-44
Let n(i) = -617*i**2 - 11121*i - 276. What is n(-18)?
-6
Let k(f) = 239*f**2 - 719*f - 948. Determine k(-1).
10
Let y(u) = -4*u**2 + 6871*u - 135840. What is y(20)?
-20
Let x(n) = -53*n + 5202. What is x(80)?
962
Let r(m) = -46656*m - 466577. Calculate r(-1